 - -81).
-10
Evaluate -3 + -22 - (1039 + -1020 - (2 + 61)).
19
What is -739 + 734 + (-67 - (-3 - (2 + -1)))?
-68
Calculate 2905 + -2793 + -3 + -21 + -2.
86
Evaluate 85 + -42 + 0 + 91.
134
What is the value of -5 + (-42 + 40 + -15 - -1)?
-21
What is the value of -37 + (-11 + -75 - -79)?
-44
What is (12 - (7 - (-4 - -13))) + -5 + -62 + 2?
-51
What is the value of 9 + -1 + -85 + (179 - 109)?
-7
Evaluate 67 - (69 + -168 - -103).
63
What is (4772 - 4863) + (-1 - -184)?
92
Evaluate 77 + (-13 - 48) - (-1 + 16) - 17.
-16
What is (22 - -27) + -33 + (0 - 5)?
11
Evaluate 28 + (24 - -10) + -54 + (-2 - (1 + -13)).
18
What is the value of 16 + (-12 - (-12 + 29 + 2))?
-15
What is the value of (0 - 0 - 11) + 7 + 3 + (13 - -21)?
33
What is the value of 0 - 0 - (-50 - (-3 - (-21 + 4)))?
64
What is -17 - 0 - (343 - 371) - (-20 - 0)?
31
-12 + 0 + (16 - ((-24 - -42) + -7 + -5))
-2
Calculate 173 + -94 + -86 - (0 - (2 + -19)).
-24
-35 + -30 + 50 + (36 - -1)
22
Evaluate 11 - ((-11 - -4) + -3 - -1 - 5).
25
Calculate -8 - -45 - (-861 - -817).
81
What is the value of (10 + -106 - -62) + 116?
82
What is the value of (18 + -8 + -13 - -2) + 21?
20
Calculate (-23 + 0 + 14 - (-3 + 4)) + 31.
21
-3 + (-46 - -8) + 58
17
What is the value of 29 - (-2 - ((3 + -9 - 1) + 16))?
40
What is the value of -35 + 28 - (-2 + -34) - 33?
-4
275 + -180 - (14 - -45)
36
What is the value of -3 + -4 - 35 - (-11 - -22)?
-53
Evaluate -6 - (44 - 75 - -28 - (1 + 0)) - -32.
30
Calculate 1 + -13 + (-26 + -74 - -93).
-19
What is 3 + 3 + -2 + 38 + -9?
33
(-57 - (32 - 23 - (-8 + 6))) + -15
-83
93 + 85 + 15 + -171
22
4 + (-12 - -9 - 17) + 14
-2
(-9 - 5) + (66 - 15 - -8) + 5
50
((26 - 10) + -18 - -16) + -9 - (-2 - 62)
69
What is -66 - (-14 - (-36 + 20 + -11 - (-9 - 3)))?
-67
Evaluate -4415 - -4469 - (31 - (-1 - 0)).
22
What is 47 - (-4 + 2 + 0 + 8) - (-89 - -77)?
53
What is 41 + (14 - 44) + -39?
-28
What is (-16 - -1) + 561 + -554 + 38?
30
What is 71 + -64 + 99 - 27?
79
13 + (-101 - (-1 - 34)) - 36
-89
What is the value of 10 + 5 + (5 - 1) + -25?
-6
What is the value of (-20 - 15) + 9 + -46?
-72
Calculate 1 + -1 - (4149 + -4201).
52
Evaluate -5 + -4 + (2 - 49) + (-20 - -43) + -9.
-42
What is (22 - 7) + 1 + 4 - 10?
10
Calculate 3 + 44 - (67 - 14).
-6
Calculate -15 + 8 + (12 - -30) - -51.
86
-29 + (23 - 18) - (4 - 0)
-28
Calculate 9 + (2 + -21 - (-30 - (52 + -20))).
52
Calculate -9 + 1 - (113 + -7 + 1 + 10 + -27).
-98
12 + -5 + (15 - 16 - 4) - -1
3
What is 101 + (-3 - 0) - (-167 + 74 - -99)?
92
What is the value of 32 - (24 + -80) - (35 - 15)?
68
(-63 - -131) + -100 + (-2 - 46)
-80
Calculate 7 - 27 - -13 - (-15 + 28).
-20
(8 - (18 - (5 + 1) - 12)) + -19
-11
Evaluate (-55 - -6) + 36 + -1 + -48.
-62
What is -18 - -9 - ((13 - -8) + -14 - -19)?
-35
What is the value of -59 + 17 + 52 + (-20 - 2)?
-12
What is 104 + (-13 - 14 - -12 - 14)?
75
17105 + -17110 + (-129 - 1)
-135
Evaluate -61 + (56 - -24) - (1 - -29).
-11
What is the value of 19 + -9 + -57 + (-27 - -57)?
-17
Evaluate 4 - 4 - (8 + -9) - (-20 + 20 - -60).
-59
Calculate 33 + -2 + 0 - (9616 - 9649).
64
Evaluate (68 - (72 - -68)) + -16.
-88
What is the value of (14 + -6 - 15) + -14 + 5 + 24?
8
Calculate 147 - (93 - -48 - 43).
49
What is the value of -1 + (-11 + 4 + 5 - 3) - (1 - -1)?
-8
1115 + -1099 + (-70 - 2)
-56
53 + (-1 + 2 + 174 + -169 + -5 - 7)
47
Evaluate (-3 - -5 - 11) + -591 + 539.
-61
What is the value of 28 + (38 - (-8 + 37)) - 2?
35
What is 33 - (-4 + -7) - (42 - 20)?
22
What is the value of -5 + (9 - 6 - 3) - -15?
10
What is 85 - 205 - -106 - (-8 + 1) - 78?
-85
Calculate 12 + (30 + (-24 - -8) - 2).
24
Calculate 12 + 1 + (62 - (12 - -82)) + -63.
-82
Calculate (44 + -52 - 26) + 19.
-15
(36 - 98) + 69 + -19
-12
What is 44 + -92 + 50 + 6 + -7 + 15?
16
What is the value of 36 + (-116 - (-35 + 15))?
-60
What is (0 + 0 - (610 + -538)) + 1?
-71
What is (5 - (5 + 11)) + -14 + 0 + -17 + 9?
-33
What is -4 + (7 - 2) + 110 + -77 + 57?
91
What is the value of 75 - (3 + -20 + (21 - -9) - 11)?
73
Evaluate 1213 + -1224 + (6 - 1 - 2) + -17.
-25
Evaluate 13 + 2 + (331 - 239 - 157).
-50
Calculate (2 - (-28 - -39)) + 8 + -13 + -34.
-48
Evaluate -32 + 17 + 1 - -13 - (-44 - 5).
48
What is the value of 25 + (-2 - 0) + (3 + (-29 - -46) - 14)?
29
Evaluate -41 + 78 + 14 + 0.
51
What is -16 + (8 - ((-2 - -8) + -14 + (9 - -3)))?
-12
112 + -51 + -2 + (-740 - -769)
88
What is -162 - (120 - (-66 - -212))?
-136
-21 + -4 - (28 + (-62 - 12))
21
What is 60 - (18 + 9 + 76)?
-43
Calculate 26 + -1 - (110 + -36 + -70) - 80.
-59
Calculate -59 + 15 - (4 + -10 - (13 - 5)).
-30
Calculate -129 + (-5 - (-32 - 10)) - -21.
-71
-21 + (-12 - -9) + 23 + (-21 - -5)
-17
What is -18 + (12 - 44) + 109 + -13?
46
-34 - -30 - ((-5 - 0 - 3) + -102)
106
Evaluate 10 + -10 - 65 - (-4 + -1 + 236 + -218).
-78
(-24 + 17 + 3 - (3 + 2)) + -59
-68
Calculate 12 + -46 + -929 + 862.
-101
Evaluate 22 + 6 + 7 + 2.
37
0 - (-20 + 7 + 24 + -11)
0
Evaluate 61 - (-14 - (-55 + -2) - 25).
43
Calculate 44 - (-55 - -52 - (-6 + (-5 + 8 - -4))).
48
-8 + 23 + -44 + 0 + 76 - (0 + 10)
37
Evaluate (-18 - (-17 + -5)) + 1 + 15 + -4 + -2.
14
Evaluate 11 + ((7 - (12 + 0)) + 4 - 12) + -13.
-15
What is -108 - -70 - (-33 - 43)?
38
Evaluate -12 + -8 + 16 + (-5 - (1 - (-6 - -9))).
-7
Calculate (5 - 0) + 109 + (-115 - -2).
1
-4 + (36 - 21) - -2 - (-4 + -35)
52
-13 - (6 + 66 + 16 + -21 + -11)
-69
What is -1 + -4 + -1 + -107 + 15 + 11 + -1?
-88
What is the value of 9 + -21 - 0 - -18 - (-10 + -3)?
19
What is 2223 + -2288 + 2 + 1?
-62
What is the value of -1 + -24 + (55 - 26) + -47?
-43
What is -66 - (3 + (1 + -5 - -3 - (11 - 3)))?
-60
-7 + (-18 + 7 + 8 + (3 - 2) - 1)
-10
(1 - -16) + 13 + -16
14
Calculate -4 - (-7 - 6) - -21 - (-217 + 231).
16
Evaluate -98 + -81 - -190 - (2 + -2 + 15).
-4
What is (0 - 13 - (-26 + -1 - -11)) + -16?
-13
What is 5 + -9 + 13 - (-32 - (-1 - (0 + 1)))?
39
Calculate -899 - -900 - (0 + -11).
12
What is the value of -124 + 0 + (63 - (125 + -65))?
-121
Calculate (194 - (132 + 81)) + (-3 - -146).
124
Evaluate 68 - (-36 + -4 + 40 - (-3 + 6 + -3)).
68
(45 - (-56 - -98)) + 1
4
What is -5 + (-37 - -5) + (1 - 4 - (-184 + 183))?
-39
What is the value of 1 + (83 - 153) - -38?
-31
What is 2 + -59 + 11 + -18 + -10 + 13 + 4?
-57
What is (-124 - 4) + 157 + 43?
72
What is 6 - 5 - (-282 - -286 - (3 - 5 - -5))?
0
Calculate 10 + -12 + 1 + (-2 - -12) + -9 - 51.
-51
31 + -109 + 39 + 0
-39
What is the value of -36 + 1 + (-58 - (-48 - 40))?
-5
Evaluate 1 - (5 - -3) - 46 - 8 - -10.
-51
Evaluate 29 + (14 - 9) - (-20 + 5 - -5).
44
What is the value of -27 - (-94 - 23) - ((-7 - -1) + 14 + -6)?
88
What is the value of 41 - (-43 - -87) - -41?
38
-86 + ((22 - -23) + -13 - 37)
-91
Calculate 3 - (-14 + (18 - (7 - -7)) + (-45 - 0)).
58
Calculate -12 + 15 + 4 + -10 + 11 - 63.
-55
(1 - (0 + -4)) + 1838 + -1844
-1
What is -54 + (-30 - -60) - (1 + 20)?
-45
Evaluate -2 + (-22 + 47 - 73) + 1 + -2.
-51
What is (-145 - -6) + 39 + (39 - 2)?
-63
-1 + (0 - 1) - (106 - 279 - -145)
26
-1 + 41 + 17 + (13 - 7 - 21)
42
Evaluate 5 - (-31 + -4) - (2 + -31 + 23).
46
Calculate -6 + 16 + (-229 - -200).
-19
(-140 - -88) + 43 + -87
-96
Evaluate -9 - (3394 + -3414 - (-1 - (2 - 48))).
56
Evaluate -15 - (-22 - (63 - 22)).
48
Calculate (18 - (-16 + 39)) + 12 + 37.
44
What is the value of (12379 - 12378) + (31 - 2) + 2?
32
What is (30 - -35 - 88) + -7 + 3?
-27
98 + (87 - 132) + -78
-25
Calculate -3 + 28 + (5 - (-13 - -21)).
22
19 + (-4 - (7 + -19 + 14)) - -7
20
What is -42 - (64 - (30 + 2))?
-74
What is (9 + -2 - (-30 + 26) - -10) + 13?
34
5 + 13 + (36 + 5 + -43 - (-1 - 0))
17
Calculate -129 + 122 + 7 - (-74 - (3 + -7)).
70
Calculate (-8 + 14 + -16 - (20 + -30)) + -27.
-27
Calculate (5 + 19 - (-14 - -21)) + 2 + 21.
40
Evaluate 9 + 1 - (13 - (-56 - (0 - 15))).
-44
What is the value of 11 - (10 - (-9 + (11 - 10)))?
-7
What is -43 - (-39 + -6) - 19?
-17
What is 12 + (-9 + 1 - (-14 - (-41 - -22) - 55))?
54
-25 - (33 - (75 + -42))
-25
(19 - 34) + -9 + (67 - -4)
47
What is 42 + -86 + (-9 - (-15 - 2))?
-36
Calculate 1 - (-6 + 2) - (17 - (-6 + 18 + 3)).
3
What is -34 - ((-71 - -81) + (-5 - -5))?
-44
What is 19 - (-7 - (16 - 18))?
24
1 + (-20 + 11 + -11 - -21)
2
Calculate 1 - 13 - (8 + -20 + (-36 - -33)).
3
(-80 - (-10 - (7 + -2 + -13))) + -8
-86
Evaluate (39 - -11 - 89 - -52) + 65 +